44?
14
Calculate the highest common factor of 15517 and 914977.
263
What is the highest common factor of 101176674 and 48?
6
What is the highest common divisor of 3671664 and 240?
48
What is the highest common divisor of 391923 and 301?
7
Calculate the greatest common divisor of 3278 and 13941334.
3278
What is the greatest common divisor of 870 and 1180899?
3
What is the greatest common factor of 60 and 4172865?
15
Calculate the greatest common divisor of 315795 and 5439.
111
Calculate the greatest common factor of 391713 and 2898.
483
Calculate the greatest common divisor of 1966410 and 4320.
270
Calculate the highest common factor of 75 and 32817.
3
What is the highest common divisor of 265 and 267415?
5
What is the greatest common factor of 74 and 43331551?
37
What is the highest common divisor of 220 and 15977148?
44
Calculate the greatest common divisor of 711466 and 3706850.
1246
Calculate the greatest common factor of 175512 and 11840880.
2472
Calculate the highest common divisor of 21607 and 35998.
41
Calculate the greatest common factor of 192 and 81143808.
192
Calculate the greatest common factor of 3273 and 3260840805.
3273
Calculate the greatest common divisor of 27740 and 16158404.
292
What is the highest common divisor of 269484 and 597788?
68
What is the greatest common factor of 339951 and 9511395?
7233
Calculate the highest common divisor of 360 and 72709992.
72
Calculate the highest common factor of 196836125 and 500.
125
What is the greatest common divisor of 6615 and 1350747?
9
Calculate the highest common divisor of 12406628 and 131820.
676
Calculate the highest common factor of 1610 and 23779010.
230
What is the greatest common divisor of 285192 and 20485593?
2097
What is the highest common factor of 16531923 and 16365?
3273
Calculate the greatest common divisor of 288639505 and 12980.
3245
What is the greatest common factor of 2490444 and 26400?
132
Calculate the highest common factor of 934 and 119130766.
934
Calculate the highest common factor of 31438 and 2309264.
2858
What is the highest common factor of 2772 and 782460?
252
Calculate the highest common factor of 2689521 and 1161.
129
What is the greatest common factor of 149968 and 487760?
1456
What is the highest common divisor of 24333 and 106002659?
8111
Calculate the greatest common factor of 24664 and 11248.
8
Calculate the greatest common divisor of 3201190 and 15.
5
Calculate the highest common factor of 2480812 and 7299140.
8956
Calculate the greatest common divisor of 29473909 and 1163.
1163
Calculate the highest common divisor of 88996215 and 45.
15
Calculate the highest common divisor of 22230399 and 342.
57
Calculate the highest common factor of 756444 and 364794.
2238
What is the greatest common divisor of 1211973748 and 1048?
524
Calculate the greatest common divisor of 1622426 and 377.
13
Calculate the highest common factor of 4382 and 26075091.
2191
What is the highest common divisor of 438121 and 228?
19
Calculate the highest common factor of 1214802 and 342.
18
What is the highest common factor of 3 and 53694309?
3
Calculate the highest common factor of 5558903 and 3283.
49
What is the highest common factor of 213440 and 8845?
145
Calculate the highest common divisor of 2025 and 54946809.
27
What is the highest common divisor of 174 and 40722554?
58
What is the greatest common divisor of 175183 and 12859?
167
Calculate the greatest common divisor of 33886251 and 36.
9
What is the greatest common factor of 3845859 and 19856?
1241
Calculate the greatest common divisor of 644 and 304195516.
92
Calculate the highest common factor of 1836236 and 85766.
1406
Calculate the greatest common factor of 38517500 and 1085.
1085
Calculate the greatest common factor of 276 and 93813.
3
Calculate the greatest common factor of 1158248 and 2093.
91
What is the highest common divisor of 1217642 and 1646926?
2006
Calculate the greatest common factor of 182 and 13531609.
91
What is the highest common divisor of 435211 and 11794769?
5509
What is the greatest common divisor of 775 and 4766033?
31
Calculate the greatest common divisor of 412 and 2319184874.
206
What is the highest common divisor of 2618827 and 2138602?
6403
What is the greatest common divisor of 449235 and 59295?
1005
Calculate the greatest common factor of 104 and 62091198.
26
What is the greatest common divisor of 2861608 and 96947?
3343
What is the greatest common factor of 15754607 and 396?
11
Calculate the highest common divisor of 13177476 and 1776.
444
What is the greatest common factor of 9633 and 327705027?
9633
What is the highest common factor of 8128681 and 11921?
131
Calculate the highest common factor of 34245215 and 565.
565
What is the highest common divisor of 893700 and 756?
108
Calculate the highest common factor of 16866 and 2043597.
2811
Calculate the greatest common factor of 2120437 and 1804.
11
Calculate the highest common divisor of 366892 and 1987788.
5476
Calculate the greatest common factor of 14259 and 369411.
147
What is the greatest common divisor of 3392 and 26816?
64
Calculate the highest common factor of 298151 and 1013089.
1561
Calculate the greatest common divisor of 1457220 and 16293480.
9780
What is the greatest common divisor of 1329486 and 48?
6
Calculate the highest common factor of 1445 and 459.
17
Calculate the highest common divisor of 410751 and 108702.
891
Calculate the greatest common divisor of 6983616 and 3468.
12
What is the greatest common divisor of 2282 and 142874879?
1141
What is the greatest common divisor of 21129849 and 39?
39
Calculate the highest common divisor of 2380392 and 209160.
504
Calculate the highest common factor of 82359020 and 60.
20
Calculate the highest common factor of 23212 and 1790012.
28
Calculate the highest common divisor of 153 and 50125707.
153
What is the greatest common divisor of 16906 and 12781792?
214
What is the highest common divisor of 3146054 and 23698?
578
Calculate the highest common divisor of 372552109 and 278.
139
Calculate the highest common divisor of 23187768 and 12.
12
Calculate the greatest common factor of 10286629 and 37.
37
What is the highest common divisor of 12741337 and 28?
7
Calculate the greatest common divisor of 12395 and 57955.
335
Calculate the highest common factor of 853986945 and 11313.
1257
What is the highest common factor of 182 and 31650983?
91
Calculate the greatest common factor of 7 and 17362009.
7
What is the highest common divisor of 282116422 and 1842?
614
What is the greatest common divisor of 75 and 70379025?
75
What is the greatest common divisor of 351604 and 28182?
1342
Calculate the highest common factor of 4 and 105217276.
4
What is the greatest common divisor of 251657 and 217?
7
What is the highest common factor of 121604 and 154112?
1204
What is the greatest common factor of 9759 and 1154815?
3253
Calculate the greatest common factor of 3048 and 97866708.
1524
What is the greatest common factor of 70944 and 1284?
12
Calculate the highest common divisor of 326383 and 4849828.
1241
What is the highest common factor of 2502754 and 190402?
2294
What is the greatest common factor of 768 and 369348864?
768
Calculate the greatest common factor of 12947983 and 47.
47
Calculate the highest common factor of 28485233 and 7.
7
Calculate the highest common divisor of 194217 and 15375.
123
What is the greatest common divisor of 68 and 62998583?
17
What is the greatest common factor of 1328 and 6024970?
166
What is the greatest common factor of 7 and 23970?
1
Calculate the greatest common factor of 2943 and 7504977.
327
Calculate the greatest common factor of 278179 and 38.
19
What is the highest common factor of 10194 and 4926?
6
What is the highest common factor of 1372 and 86708?
4
What is the highest common factor of 2780 and 30105454?
278
What is the highest common divisor of 342717696 and 3024?
432
Calculate the greatest common factor of 10171628 and 1159.
61
What is the highest common factor of 286 and 194379086?
22
Calculate the greatest common factor of 212 and 2538229996.
212
Calculate the highest common factor of 338710037 and 7377.
2459
What is the highest common factor of 25300 and 334700?
100
What is the highest common divisor of 149 and 863683715?
149
Calculate the h